prime factors of 10809693.
3, 113, 1181
What are the prime factors of 639849372?
2, 3, 593, 89917
List the prime factors of 218462297.
193, 449, 2521
List the prime factors of 63131791.
1429, 44179
List the prime factors of 862379870.
2, 5, 11, 7839817
List the prime factors of 28723923.
3, 1063849
List the prime factors of 267013460.
2, 5, 7, 19, 37, 2713
What are the prime factors of 2965862880?
2, 3, 5, 23, 149, 601
List the prime factors of 320069968.
2, 53, 587, 643
List the prime factors of 7990454151.
3, 22291, 39829
List the prime factors of 2672324314.
2, 11, 167, 509, 1429
What are the prime factors of 539107268?
2, 7, 19253831
What are the prime factors of 128721329?
11, 11701939
List the prime factors of 197146647.
3, 73, 101, 2971
What are the prime factors of 43661051?
7, 31, 201203
What are the prime factors of 64374758?
2, 7, 73, 62989
What are the prime factors of 400651103?
797, 502699
What are the prime factors of 22947665?
5, 13, 2089
List the prime factors of 2824356667.
11, 251, 677, 1511
What are the prime factors of 849319339?
11, 7109, 10861
What are the prime factors of 49078778?
2, 7, 3505627
List the prime factors of 64151062.
2, 32075531
List the prime factors of 502642661.
8273, 60757
List the prime factors of 73717628.
2, 31, 293, 2029
What are the prime factors of 639125583?
3, 59, 331, 10909
What are the prime factors of 256047600?
2, 3, 5, 31, 6883
List the prime factors of 526777178.
2, 263388589
What are the prime factors of 673666888?
2, 17, 19, 53, 4919
List the prime factors of 2402196551.
2402196551
List the prime factors of 367138619.
367138619
List the prime factors of 95055836.
2, 23763959
What are the prime factors of 3750090385?
5, 750018077
List the prime factors of 43085386.
2, 1103, 19531
What are the prime factors of 145726812?
2, 3, 7, 11, 52571
What are the prime factors of 41291406?
2, 3, 13, 176459
List the prime factors of 191196195.
3, 5, 17, 79, 9491
What are the prime factors of 17541629?
7, 31, 229, 353
What are the prime factors of 2609322138?
2, 3, 144962341
List the prime factors of 20489679.
3, 7, 36137
What are the prime factors of 2972449250?
2, 5, 29, 409993
List the prime factors of 21998434.
2, 10999217
What are the prime factors of 135230026?
2, 3557, 19009
What are the prime factors of 262848054?
2, 3, 7, 29, 30829
What are the prime factors of 64693372?
2, 1453, 11131
List the prime factors of 5641414.
2, 2820707
List the prime factors of 30789558.
2, 3, 63353
List the prime factors of 5991289692.
2, 3, 499274141
What are the prime factors of 226817293?
11257, 20149
What are the prime factors of 1364710363?
97, 14069179
List the prime factors of 105703535.
5, 7, 17, 41, 619
What are the prime factors of 153705665?
5, 23, 61, 21911
List the prime factors of 2475795885.
3, 5, 1291, 127849
List the prime factors of 60263299.
60263299
List the prime factors of 458706191.
458706191
What are the prime factors of 153625241?
7, 11, 19, 2143
What are the prime factors of 171556913?
11, 317, 49199
What are the prime factors of 463834346?
2, 19, 1409, 8663
What are the prime factors of 272669921?
569, 479209
What are the prime factors of 177797747?
17, 10458691
List the prime factors of 544490045.
5, 11, 31, 41, 7789
What are the prime factors of 16667050?
2, 5, 333341
What are the prime factors of 4867773?
3, 1622591
What are the prime factors of 18813542?
2, 11, 463, 1847
List the prime factors of 4150433337.
3, 509, 523, 5197
List the prime factors of 150036556.
2, 89, 401, 1051
List the prime factors of 3126961068.
2, 3, 7, 11, 181, 2671
What are the prime factors of 72764057?
349, 208493
List the prime factors of 454288779.
3, 7, 127, 56779
What are the prime factors of 207327630?
2, 3, 5, 6910921
What are the prime factors of 1263318675?
3, 5, 16844249
What are the prime factors of 710726784?
2, 3, 37, 50023
What are the prime factors of 156589496?
2, 7, 41, 9743
List the prime factors of 45652550.
2, 5, 89, 10259
What are the prime factors of 42107107?
7, 6015301
List the prime factors of 181397412.
2, 3, 7, 17, 23, 263
List the prime factors of 318657649.
31, 43, 239053
What are the prime factors of 19116499?
79, 241981
List the prime factors of 1192559969.
887, 1344487
What are the prime factors of 858963561?
3, 1093, 261959
What are the prime factors of 53176473?
3, 7, 281357
What are the prime factors of 68873951?
701, 98251
List the prime factors of 2810420668.
2, 11, 63873197
List the prime factors of 13414695.
3, 5, 7, 251, 509
What are the prime factors of 278837113?
278837113
What are the prime factors of 406722844?
2, 11, 2213, 4177
What are the prime factors of 91935873?
3, 181, 56437
List the prime factors of 347245851.
3, 37, 41, 1861
What are the prime factors of 1600143053?
8081, 198013
List the prime factors of 1266154624.
2, 7, 593, 2383
What are the prime factors of 936447726?
2, 3, 37, 139, 30347
List the prime factors of 132051757.
2039, 64763
List the prime factors of 247191379.
151, 1637029
List the prime factors of 40134546.
2, 3, 2229697
List the prime factors of 59424571.
17, 19, 23, 421
What are the prime factors of 111679504?
2, 577, 12097
What are the prime factors of 42649408?
2, 131, 5087
List the prime factors of 91826573.
151, 608123
List the prime factors of 863982630.
2, 3, 5, 7, 19, 89, 811
List the prime factors of 44542216.
2, 709, 7853
What are the prime factors of 202198071?
3, 67399357
List the prime factors of 67461251.
11, 13, 3299
What are the prime factors of 39874236?
2, 3, 19, 47, 61
What are the prime factors of 15377806?
2, 1553, 4951
What are the prime factors of 175357569?
3, 43, 1359361
What are the prime factors of 267451246?
2, 2237, 59779
What are the prime factors of 334120982?
2, 13, 83, 107, 1447
What are the prime factors of 3164633?
101, 31333
What are the prime factors of 587185832?
2, 1093, 67153
List the prime factors of 362088854.
2, 607, 298261
What are the prime factors of 3724175219?
3803, 979273
What are the prime factors of 586183941?
3, 7, 73, 197, 647
What are the prime factors of 2789087406?
2, 3, 7, 19, 3495097
What are the prime factors of 147531056?
2, 379, 24329
What are the prime factors of 2844975810?
2, 3, 5, 457, 207511
List the prime factors of 1045987355.
5, 7, 29885353
What are the prime factors of 372623822?
2, 59, 3157829
What are the prime factors of 1978627759?
79, 25045921
What are the prime factors of 109670445?
3, 5, 2437121
List the prime factors of 1440447284.
2, 29, 97, 313, 409
List the prime factors of 129314081.
13, 9947237
List the prime factors of 85344382.
2, 367, 116273
List the prime factors of 33712401.
3, 2909, 3863
List the prime factors of 25856742.
2, 3, 4309457
What are the prime factors of 43883417?
53, 827989
What are the prime factors of 362299191?
3, 61, 139, 14243
List the prime factors of 2216313359.
13, 5023, 33941
List the prime factors of 4026005372.
2, 37, 27202739
List the prime factors of 2018889506.
2, 149, 6774797
What are the prime factors of 259976512?
2, 17, 238949
What are the prime factors of 59109412?
2, 14777353
List the prime factors of 34608870.
2, 3, 5, 42727
List the prime factors of 167027920.
2, 5, 977, 2137
List the prime factors of 19270856.
2, 11, 218987
List the prime factors of 1277192450.
2, 5, 43, 503, 1181
What are the prime factors of 5120853258?
2, 3, 853475543
What are the prime factors of 77663358?
2, 3, 89, 48479
List the prime factors of 967849235.
5, 2237, 86531
What are the prime factors of 1244663983?
1013, 1228691
What are the prime factors of 32744322?
2, 3, 13, 41, 3413
What are the prime factors of 6267175?
5, 250687
What are the prime factors of 6307255575?
3, 5, 101, 277547
List the prime factors of 1731845026.
2, 29, 29859397
What are the prime factors of 44961668?
2, 17, 661201
What are the prime factors of 312256919?
13, 24019763
List the prime factors of 2648579643.
3, 31, 9493117
List the prime factors of 56942261.
331, 172031
What are the prime factors of 35305253?
23, 1535011
What are the prime factors of 304394139?
3, 7, 1610551
List the prime factors of 372334544.
2, 17, 67, 20431
List the prime factors of 345872274.
2, 3, 11, 929, 5641
What are the prime factors of 23272440?
2, 3, 5, 193937
What are the prime f